st common divisor of 94 and 94564.
94
Calculate the highest common factor of 14900 and 250.
50
What is the highest common factor of 15213 and 21667?
461
Calculate the highest common factor of 380031 and 1934.
967
What is the highest common divisor of 255 and 18955?
85
Calculate the highest common factor of 12080 and 65836.
604
Calculate the greatest common divisor of 826451 and 1165.
233
What is the greatest common divisor of 3519 and 4896?
153
Calculate the greatest common factor of 70091 and 31.
31
Calculate the greatest common divisor of 959148 and 6474.
498
Calculate the greatest common divisor of 113 and 194699.
113
Calculate the greatest common divisor of 5 and 145115.
5
What is the highest common divisor of 144 and 266616?
72
What is the greatest common divisor of 10 and 2257670?
10
Calculate the highest common factor of 6572 and 7844.
212
What is the greatest common factor of 81378 and 13662?
594
Calculate the highest common factor of 2702 and 210.
14
Calculate the greatest common factor of 1172 and 5343441.
293
What is the highest common factor of 398810 and 190?
190
What is the highest common factor of 5631 and 48?
3
Calculate the greatest common divisor of 1266 and 3376.
422
Calculate the greatest common divisor of 13983 and 16992.
177
Calculate the greatest common factor of 19488 and 5075.
203
Calculate the greatest common divisor of 712 and 40406.
178
Calculate the highest common divisor of 3700 and 2500.
100
What is the highest common divisor of 32610 and 270?
30
What is the highest common factor of 3240 and 322200?
360
What is the greatest common factor of 58 and 197113?
29
What is the highest common divisor of 21 and 7642887?
21
Calculate the highest common divisor of 1692 and 97056.
36
What is the greatest common factor of 34 and 6239?
17
Calculate the greatest common divisor of 8600 and 280.
40
Calculate the highest common factor of 18750 and 195.
15
Calculate the highest common divisor of 3525 and 987.
141
Calculate the highest common divisor of 264 and 226952.
88
What is the highest common divisor of 442850 and 521?
521
Calculate the highest common factor of 3851437 and 1366.
683
What is the highest common factor of 34 and 5460128?
34
What is the highest common divisor of 4930 and 406?
58
What is the highest common divisor of 16005 and 135?
15
What is the greatest common factor of 826506 and 4662?
666
Calculate the highest common divisor of 705 and 19393845.
705
What is the highest common factor of 5978 and 3050?
122
What is the highest common divisor of 9250 and 42920?
370
What is the greatest common factor of 30 and 320890?
10
What is the greatest common factor of 61 and 4452390?
61
What is the greatest common factor of 4270 and 256620?
70
What is the greatest common divisor of 600220 and 40?
20
Calculate the greatest common factor of 719442 and 81.
81
What is the greatest common divisor of 3876 and 8466?
102
What is the highest common divisor of 32877 and 6903?
117
Calculate the greatest common factor of 69316 and 129.
43
What is the greatest common factor of 11229 and 798?
57
Calculate the greatest common factor of 473 and 159401.
473
Calculate the highest common factor of 3329 and 57.
1
What is the greatest common divisor of 46942 and 294?
98
What is the greatest common divisor of 462 and 78606?
66
What is the highest common factor of 1548645 and 1075?
215
Calculate the greatest common factor of 342 and 56924.
38
What is the greatest common divisor of 227 and 442423?
227
Calculate the highest common factor of 23268 and 357.
21
Calculate the greatest common factor of 4144 and 135457.
259
What is the greatest common divisor of 6370 and 3290?
70
What is the highest common divisor of 6537433 and 49?
49
Calculate the greatest common factor of 715 and 13805.
55
Calculate the highest common factor of 649 and 41831.
59
What is the greatest common factor of 1855 and 39697?
371
What is the highest common factor of 153068 and 136?
68
What is the highest common factor of 930 and 281046?
186
Calculate the highest common divisor of 8023 and 122831.
113
What is the highest common divisor of 2847 and 49413?
39
Calculate the greatest common factor of 40302 and 7236.
18
What is the highest common factor of 39661 and 731?
17
Calculate the greatest common factor of 15 and 2602095.
15
What is the highest common factor of 329 and 15322?
47
What is the greatest common divisor of 880 and 66420?
20
What is the highest common factor of 75 and 13132275?
75
What is the greatest common divisor of 6 and 11163?
3
What is the greatest common divisor of 79470 and 360?
90
What is the greatest common factor of 4187 and 711?
79
Calculate the highest common factor of 17736 and 5376.
24
What is the greatest common divisor of 250 and 16670?
10
What is the greatest common divisor of 550930 and 592?
74
Calculate the greatest common factor of 6827 and 2.
1
What is the highest common divisor of 22477 and 5852?
133
What is the highest common divisor of 83759 and 39?
13
What is the highest common factor of 2563 and 253?
11
Calculate the greatest common divisor of 4344 and 228.
12
What is the highest common divisor of 1993 and 298?
1
What is the highest common divisor of 1587547 and 58?
29
What is the greatest common divisor of 276381 and 1435?
287
Calculate the highest common divisor of 16995 and 165.
165
What is the greatest common factor of 368 and 576?
16
What is the greatest common factor of 284009 and 77?
11
What is the greatest common factor of 25 and 121490?
5
What is the greatest common factor of 1250 and 10300?
50
What is the greatest common factor of 1491 and 1092?
21
Calculate the highest common divisor of 2520 and 160920.
360
What is the highest common factor of 880 and 98285?
55
Calculate the greatest common factor of 6784113 and 21.
21
What is the highest common factor of 727376 and 4732?
676
Calculate the highest common factor of 712 and 1151660.
356
What is the greatest common divisor of 351161 and 29?
29
Calculate the greatest common factor of 1233 and 14111.
137
Calculate the highest common divisor of 120 and 1052840.
40
Calculate the highest common factor of 104437 and 25521.
181
What is the highest common factor of 172 and 16598?
86
What is the highest common factor of 20547 and 2889?
27
What is the greatest common factor of 16460 and 440?
20
Calculate the highest common divisor of 27753 and 696.
87
What is the greatest common factor of 15705 and 9?
9
What is the highest common divisor of 20 and 295790?
10
What is the highest common factor of 49300 and 1020?
340
Calculate the greatest common divisor of 315118 and 2.
2
Calculate the greatest common factor of 65 and 12535.
5
Calculate the greatest common divisor of 564 and 859.
1
What is the greatest common divisor of 93 and 11985?
3
What is the highest common divisor of 318 and 3842?
2
Calculate the greatest common factor of 360 and 10290.
30
Calculate the highest common divisor of 4608 and 24480.
288
What is the greatest common divisor of 18009 and 232?
29
Calculate the greatest common divisor of 25723 and 203.
29
What is the highest common factor of 68196 and 168?
12
Calculate the highest common factor of 1260 and 8467830.
630
What is the greatest common factor of 41840 and 400?
80
What is the greatest common divisor of 8667 and 82818?
963
What is the greatest common divisor of 94188 and 228?
12
What is the highest common divisor of 368 and 4255?
23
Calculate the highest common divisor of 3111 and 228786.
51
What is the highest common factor of 26505 and 128250?
855
Calculate the highest common factor of 1158 and 29143.
193
Calculate the greatest common factor of 96866 and 168.
14
Calculate the greatest common factor of 2674610 and 170.
170
Calculate the greatest common divisor of 6102 and 432.
54
What is the highest common factor of 192542 and 51?
17
What is the greatest common divisor of 307879 and 429?
143
What is the highest common divisor of 204 and 573308?
68
Calculate the greatest common factor of 792 and 92268.
396
What is the highest common divisor of 1146 and 86332?
382
Calculate the greatest common divisor of 2109 and 67773.
57
What is the highest common divisor of 19750 and 57670?
790
Calculate the greatest common factor of 25 and 10915.
5
Calculate the highest common divisor